w)?
-8
Let x(u) be the third derivative of -u**4/12 + u**3/6 + u**2. Let o be ((-4)/(-10))/((-3)/(-15)). Suppose -v = p + o + 1, -4*v + 6 = -5*p. Determine x(p).
5
Let g(n) be the second derivative of 1/120*n**6 - 1/120*n**5 + 0*n**2 + 0*n**4 + 1/6*n**3 - 3*n + 0. Let r(a) be the second derivative of g(a). Calculate r(1).
2
Let m(n) = 3*n + 2. Suppose 24 = a - 4*f, -3*f = a - 6*f - 19. Let v = -6 + a. Let w(h) = -h. Let k(r) = v*w(r) + m(r). Calculate k(-2).
-8
Suppose 0 = -2*r - r + 3. Let y(t) = -r + 3*t + 4*t - 5*t - 4*t. Suppose 0 = -2*u + u + 3*i - 10, i = 2*u. What is y(u)?
-5
Let s(h) = -2*h + 4. Let k(d) = -d**2 - 10*d - 18. Let t be k(-7). Give s(t).
-2
Let v(r) be the third derivative of -r**4/24 + r**3/3 - 8*r**2. Give v(4).
-2
Suppose 0 = 2*n - 3*l - 12, 4*l = -3 - 5. Let q(a) = -a**2 - a + 1. Let u(w) = -5*w**2 + w + 4. Let p(b) = -3*q(b) + u(b). Determine p(n).
-5
Let k(t) = 5*t - 6. Let x(n) = n - 1. Let h(r) = k(r) - 6*x(r). Determine h(5).
-5
Let p(x) = 2*x - 14. Let a be p(11). Let f(s) = -3*s**2 - s**2 - s - a + 3*s**2. What is f(0)?
-8
Let z(i) be the second derivative of i**8/6720 - i**7/504 + i**5/60 + i**4/12 - i. Let h(n) be the third derivative of z(n). Let w = 38 + -33. What is h(w)?
2
Let o(t) be the second derivative of t**3/3 + 7*t**2/2 - 11*t. Calculate o(-7).
-7
Let j(y) be the first derivative of -3 + 5/2*y**2 - 1/3*y**3 - 2*y. Let b = 7 - 3. Give j(b).
2
Let u(v) = 12*v - 1. Let q(c) = 49*c - 5. Let j(g) = -2*q(g) + 9*u(g). Let y(r) = -r. Let a(b) = -j(b) - 2*y(b). Give a(1).
-9
Let m be (-4)/(-3) - (-4)/6. Let n(o) = -o**3 - o**3 + 2*o + 3*o**3 - 6*o + 3 - 3*o**m. What is n(4)?
3
Let a(x) = -x**3 + 7*x**2 - 6*x + 8. Let l be a(6). Suppose -l*m + 20 = -3*m. Suppose -m*c + 12 = -8. Let b(y) = -y**2 + 3*y + 5. Calculate b(c).
-5
Let y be (-1 - 18/(-14))/((-4)/(-28)). Let b(p) = -2*p**2 - 2. Calculate b(y).
-10
Let r(d) = -9*d**2 - d - 1. Let x(z) = z**2 - 11*z - 1. Suppose -i + 6 = 1. Suppose -2*j - 3 = -i, -60 = -5*u - 5*j. Let o be x(u). What is r(o)?
-9
Let j(h) = h**3 - 6*h**2 + 5*h + 5. Suppose 0 = -4*z + 16 + 4. Calculate j(z).
5
Let o(g) = -7 + 4*g**2 + 10*g**2 + 4*g + 5*g**2 - 20*g**2. Calculate o(5).
-12
Suppose -d - 23 + 5 = -5*r, 0 = -4*d - 2*r + 16. Let q(h) = 3*h**2 + 2*h**2 - 4*h**d - h**3 + 1. Let l(m) = 3*m + 8. Let x be l(-2). Calculate q(x).
-3
Suppose 2 = 5*t - 18. Let c be -6 - (4/t + -2). Let j(a) = a**2 + 4*a + 2. What is j(c)?
7
Let b(s) = -5*s**2 + 7*s - 20. Let v(l) = -l**2 + 2*l - 5. Let a(r) = -2*b(r) + 9*v(r). Determine a(-6).
7
Let u(d) = d - 1. Let r(q) = -3*q + 4. Let n(k) = r(k) + 4*u(k). Let j(m) = 6*m + 4. Let p(t) = j(t) - 4*n(t). What is p(-3)?
-2
Let m(k) = -9 + 6 + 2 + 2 + 2*k. Let d(y) = -17*y + 5. Let o(f) = 11*f - 3. Let a(b) = 5*d(b) + 8*o(b). Let w be a(-1). Calculate m(w).
-3
Let s = -14 - -16. Suppose 4*j + j - 10 = 0. Let r(g) = -2*g + g**s - j + g - g. Give r(4).
6
Let r(x) = -x**3 - 3*x**2 - 2*x - 2. Suppose 5*l = -d - 13, -2*d - l = -1 - 0. Let b = -28 + 31. Suppose -d*w = -b + 9. Give r(w).
4
Let l(i) = -i**2 - 10*i - 2. Let d = 43 + -52. Give l(d).
7
Let w(a) = a**3 - 4*a**2 + 3*a + 3. Let j be w(3). Let r(h) = -6*h - j*h + 4*h. Determine r(1).
-5
Let m(z) = 4*z - z**3 + 2*z - 3 + 0*z - z. What is m(3)?
-15
Let g(s) = -s**2 + s - 4. Let y be -8 + 6 + -3*(-2)/3. What is g(y)?
-4
Let m(j) be the second derivative of -j**4/12 + 5*j**3/6 + j**2/2 + 2*j. Suppose 0 = 5*l - 80. Suppose -2*o + 2*c + 8 = 0, 4*c = -4*o - 0 + l. Determine m(o).
5
Let y = 3 - 5. Let w(s) = 3*s**2 + s - 2. Determine w(y).
8
Let k be 4/10 + (-38)/(-5). Suppose -k = 5*g - 23. Let p(q) = q**3 + 4 - 4*q**2 - 6 + 2*q - g. Calculate p(4).
3
Let g(z) = z**3 - z**2 + 3. Suppose -3*f = -7*f + 4. Suppose -3 = -n - f. Suppose 0 = -2*x - 4, 0 = n*r - x - 1 - 1. Give g(r).
3
Let h(z) = -z**2 + 5*z - 4. Suppose s + s - 12 = 0. Let d = -3 + s. Calculate h(d).
2
Let p(u) be the third derivative of u**6/120 - u**5/15 - u**4/12 + u**3/3 - 3*u**2. Calculate p(4).
-6
Let u(p) = -5*p - 2. Let v(h) = -6*h - 2. Let o(w) = 5*u(w) - 4*v(w). Suppose -3*j - 14 = -3*m + 16, -4*j - 8 = 4*m. Determine o(j).
4
Let n(t) = -6*t**2 - 7*t - 7. Let i(v) be the first derivative of 0*v**2 + v - 1 + 1/3*v**3. Let u(a) = 5*i(a) + n(a). What is u(-3)?
10
Suppose 2*a + 20 = 6*a. Let y(x) be the first derivative of -x**4/4 + 2*x**3 - 3*x**2 + x - 2. Calculate y(a).
-4
Let f(r) = -5*r**2 + 3*r**2 + 3*r**2. Suppose 0*m + 2*m = 5*t + 10, 2*m = 0. Let l = -4 - t. Calculate f(l).
4
Let z = 1 - 3. Let h(k) be the first derivative of k**3/3 + k**2 - k - 168. What is h(z)?
-1
Let m(g) = -g**2 + 2*g. Let d = 25 - 22. What is m(d)?
-3
Let f(t) = t**2 - 9*t - 8. Let g be f(10). Let l(r) = -2*r**g + 3*r**2 - 10 + 12. Let p(u) = u**2 - u + 1. Let s(y) = -5*l(y) + 4*p(y). Calculate s(-4).
-6
Suppose -4*n + 0*n = n. Let r(h) = h + 14. Calculate r(n).
14
Let y(b) = -b**3 - 5*b**2 - 7*b - 5. Let w = -29 - -25. What is y(w)?
7
Let b(t) = -1 + 0*t**2 + 9*t**2 + 2 + t**2 - t. Determine b(1).
10
Let g(m) = -m**2 + 4*m + 3. Suppose -2*w = 2 - 22. Let x = 0 - 1. Let f be (w/(-6))/(x/3). What is g(f)?
-2
Let g(y) = y**2 - 4 - 7 - 1 + y. Let r be 2/3 - (-15)/(-9). Let o(v) = -1. Let z(h) = r*g(h) + 6*o(h). Calculate z(0).
6
Let h(q) = 2*q**2 - 5 - 4*q**3 - 3*q**3 + 4 - 4*q. Let z(s) = -s**3 - s. Let x(t) = h(t) - 4*z(t). Let b = -2 - -1. Give x(b).
4
Let y(w) = -w**3 - 7*w**2 - 5*w + 8. Let m be 4/4 + -22 - 0. Let a = 15 + m. Determine y(a).
2
Let f(m) = -2*m - 4. Suppose -2*v + 2*d = v + 18, -5*v - 2*d = 14. Calculate f(v).
4
Let a(b) = -b + 11. Suppose -55 = -5*p + l, 53 = 4*p + l - 0. Give a(p).
-1
Let l(v) = 1. Suppose -d - 1 = 3*w, 5*w - 3*d - 2*d = 25. Let s(o) = 11*o**2 - 2*o - 8*o**2 - 3 + 4 - 4*o**2. Let r(h) = w*s(h) - 5*l(h). What is r(-4)?
-12
Let w(c) = 2 + 5*c - 5*c + 2*c. Calculate w(-3).
-4
Let i(l) be the first derivative of 4 + 2*l**2 - 2*l - 1/3*l**3. Give i(2).
2
Let h = 77 - 82. Let w(y) = 11*y**2 + 5*y + 21. Let r(i) = -5*i**2 - 2*i - 10. Let j(z) = -13*r(z) - 6*w(z). Determine j(h).
-1
Suppose -6*s - 20 = -11*s. Let o be -7 + 0/(2*-1). Let z = s + o. Let p(h) = h**2 + 5*h + 4. Calculate p(z).
-2
Suppose 6*w - 15 = 3*w. Let a(d) = d**3 - 5*d**2 - d + 2. Calculate a(w).
-3
Let t(d) be the first derivative of d**3/3 - 5*d**2/2 + 5*d + 1. Suppose 5*b - 2*z - 33 = 0, z = -3*b + 8 + 3. Give t(b).
5
Suppose -28*h + 30*h - 14 = 0. Let u(o) = -o**3 + 6*o**2 + 7*o - 2. Determine u(h).
-2
Let l = 3 + -2. Let b(o) = -o**3 - 4*o**2 + 4*o - 4. Let y be b(-5). Let n = y - l. Let s(c) = c**3 - c**2 - c - 1. Give s(n).
-1
Let t(j) = -j + 5. Let f(n) = -n + 7. Let o(x) = 5*f(x) - 7*t(x). Let d(h) = -h + 5. Let g be d(0). Suppose 6 + 19 = 5*z - g*b, -3*b + 6 = 4*z. Determine o(z).
6
Let w(h) = 13*h + 14*h - 43*h + 20*h. What is w(3)?
12
Let d(h) be the third derivative of h**4/8 + h**3/3 + 12*h**2. Calculate d(-2).
-4
Let r be -1*-3*1 - 1. Suppose 10*q = 5*q + 30. Suppose r*x - 5*x = q. Let n(z) = -z + 2. Determine n(x).
4
Let t = -5 - -4. Let o(y) = 2 - 2*y**2 + y - 1 + y**2. Calculate o(t).
-1
Let d(l) = 7 + 13*l - 27*l + l**2 + 10*l. Give d(5).
12
Suppose 3*f + 8 = -f. Let g(t) = -3 + t + 1 + 0*t - 2*t. Determine g(f).
0
Let o(g) = 2*g**2 + g**2 - 3 + 4*g - 3*g**3 + 4 + 2*g**3. Let z = 1 - 5. Let h(n) = -n**2 - 5*n. Let b be h(z). Determine o(b).
1
Suppose u - 3*r = 0, -4*r + 2 + 2 = 0. Let b be (-1)/(3 - 10/u). Let w(m) = -m**3 + 3*m**2 - 4. Determine w(b).
-4
Let t(b) = -b**2 - 7*b - 5. Let s be t(-4). Let q be -7*(2 + (-16)/s). Let d(f) = 2*f**2 - 6*f + f + 6 + f**2 - 2*f**q. Determine d(5).
6
Let q = -5 + 8. Suppose 0*w - 10 = 4*w + 5*m, q*m = 3*w + 21. Let f(o) = -o**2 - 4*o. What is f(w)?
-5
Let g(b) = 11*b**2 + 5*b + 2. Let o(r) = 23*r**2 + 11*r + 4. Let j(z) = -13*g(z) + 6*o(z). Calculate j(2).
-20
Suppose 2*j - 5*t = -t - 24, 5*t = j + 21. Let x be j/(-9)*6/4. Let h(g) = 3*g + 2*g**2 - g - x + 7*g**2 - g. Give h(1).
9
Let b(v) be the second derivative of v**3/6 + v**2/2 - v. Let d = -63 + 31. Let y be d/16 + -4 + 1. What is b(y)?
-4
Let q be ((-4)/(-6))/((-14)/42). Let o(x) = -x**3 - 5*x**2 - 3*x - 3. What is o(q)?
-9
Let a(s) = s**2 - s - 1. Let g(l) = l**3 - 6*l**2 + 4*l + 4. Suppose 0 = 3*x + x. Suppose 0 = 2*u, -5*u + x - 5 = -d. Let 